{"id":6,"date":"2021-11-27T15:49:15","date_gmt":"2021-11-27T14:49:15","guid":{"rendered":"http:\/\/jeanmad.cluster031.hosting.ovh.net\/dc74523-ovh\/?page_id=6"},"modified":"2025-06-24T14:37:33","modified_gmt":"2025-06-24T12:37:33","slug":"le-nouveau-e-mucem-ouvre-ses-portes-2","status":"publish","type":"page","link":"https:\/\/jean-marc-lanteri.com\/","title":{"rendered":"Jean-Marc LANTERI"},"content":{"rendered":"\n<div class=\"wp-block-image\"><figure class=\"aligncenter size-full\"><img loading=\"lazy\" width=\"340\" height=\"260\" src=\"https:\/\/jean-marc-lanteri.com\/wp-content\/uploads\/2021\/12\/12202.gif\" alt=\"Jean-Marc LANTERI\" class=\"wp-image-93\"\/><figcaption>Jean-Marc LANTERI<\/figcaption><\/figure><\/div>\n\n\n\n<div class=\"wp-block-group alignwide\"><div class=\"wp-block-group__inner-container\">\n<h2 class=\"alignwide has-text-align-center has-large-font-size\">Agr\u00e9g\u00e9 de Lettres Modernes, ancien \u00e9l\u00e8ve de l\u2019ENS Fontenay-Saint\u00a0Cloud, Jean-Marc Lanteri est auteur dramatique, traducteur de l\u2019anglais, r\u00e9alisateur, ma\u00eetre de conf\u00e9rences HDR \u00e0 l\u2019universit\u00e9 de Lille et membre de la compagnie Bela Justic.<\/h2>\n<\/div><\/div>\n\n\n\n<div class=\"wp-block-columns alignwide\">\n<div class=\"wp-block-column\"><\/div>\n\n\n\n<div class=\"wp-block-column\"><\/div>\n<\/div>\n\n\n\n<div class=\"wp-block-group alignwide\"><div class=\"wp-block-group__inner-container\">\n<h2 class=\"has-text-align-center has-accent-color has-text-color\">Actualit\u00e9s<\/h2>\n<\/div><\/div>\n\n\n\n<p class=\"has-drop-cap\">Parution des <em>Romantiques Anglaises<\/em> aux \u00e9ditions Circ\u00e9.<\/p>\n\n\n\n<p><\/p>\n","protected":false},"excerpt":{"rendered":"<p>Agr\u00e9g\u00e9 de Lettres Modernes, ancien \u00e9l\u00e8ve de l\u2019ENS Fontenay-Saint\u00a0Cloud, Jean-Marc Lanteri est auteur dramatique, traducteur de l\u2019anglais, r\u00e9alisateur, ma\u00eetre de conf\u00e9rences HDR \u00e0 l\u2019universit\u00e9 de Lille et membre de la compagnie Bela Justic. Actualit\u00e9s Parution des Romantiques Anglaises aux \u00e9ditions Circ\u00e9.<\/p>\n","protected":false},"author":1,"featured_media":0,"parent":0,"menu_order":0,"comment_status":"closed","ping_status":"closed","template":"","meta":[],"_links":{"self":[{"href":"https:\/\/jean-marc-lanteri.com\/index.php\/wp-json\/wp\/v2\/pages\/6"}],"collection":[{"href":"https:\/\/jean-marc-lanteri.com\/index.php\/wp-json\/wp\/v2\/pages"}],"about":[{"href":"https:\/\/jean-marc-lanteri.com\/index.php\/wp-json\/wp\/v2\/types\/page"}],"author":[{"embeddable":true,"href":"https:\/\/jean-marc-lanteri.com\/index.php\/wp-json\/wp\/v2\/users\/1"}],"replies":[{"embeddable":true,"href":"https:\/\/jean-marc-lanteri.com\/index.php\/wp-json\/wp\/v2\/comments?post=6"}],"version-history":[{"count":23,"href":"https:\/\/jean-marc-lanteri.com\/index.php\/wp-json\/wp\/v2\/pages\/6\/revisions"}],"predecessor-version":[{"id":393,"href":"https:\/\/jean-marc-lanteri.com\/index.php\/wp-json\/wp\/v2\/pages\/6\/revisions\/393"}],"wp:attachment":[{"href":"https:\/\/jean-marc-lanteri.com\/index.php\/wp-json\/wp\/v2\/media?parent=6"}],"curies":[{"name":"wp","href":"https:\/\/api.w.org\/{rel}","templated":true}]}}